{"id":21,"date":"2015-10-03T20:12:25","date_gmt":"2015-10-03T20:12:25","guid":{"rendered":"http:\/\/totaltheme.wpengine.com\/corporate\/?page_id=21"},"modified":"2020-03-23T17:37:23","modified_gmt":"2020-03-23T17:37:23","slug":"chi-sono","status":"publish","type":"page","link":"https:\/\/manualita.sardegna.it\/ita\/chi-sono\/","title":{"rendered":"Chi Sono"},"content":{"rendered":"<section class=\"wpb-content-wrapper\">[vc_row css_animation=&#8221;bottom-to-top&#8221;][vc_column width=&#8221;1\/4&#8243;][vc_column_text]<a href=\"https:\/\/manualita.sardegna.it\/ita\/wp-content\/uploads\/2020\/03\/certificato-artigianalit%C3%A0.pdf\" target=\"_blank\" rel=\"noopener noreferrer\"><img data-recalc-dims=\"1\" loading=\"lazy\" decoding=\"async\" class=\"alignnone wp-image-219\" src=\"https:\/\/i0.wp.com\/manualita.sardegna.it\/ita\/wp-content\/uploads\/2020\/03\/garanzia_artigianalit%C3%A0.png?resize=200%2C200&#038;ssl=1\" alt=\"\" width=\"200\" height=\"200\" srcset=\"https:\/\/i0.wp.com\/manualita.sardegna.it\/ita\/wp-content\/uploads\/2020\/03\/garanzia_artigianalit%C3%A0.png?w=230&amp;ssl=1 230w, https:\/\/i0.wp.com\/manualita.sardegna.it\/ita\/wp-content\/uploads\/2020\/03\/garanzia_artigianalit%C3%A0.png?resize=150%2C150&amp;ssl=1 150w, https:\/\/i0.wp.com\/manualita.sardegna.it\/ita\/wp-content\/uploads\/2020\/03\/garanzia_artigianalit%C3%A0.png?resize=100%2C100&amp;ssl=1 100w\" sizes=\"auto, (max-width: 200px) 100vw, 200px\" \/><\/a>[\/vc_column_text][\/vc_column][vc_column width=&#8221;3\/4&#8243;][vc_column_text]\n<div class=\"a-row\"><span style=\"font-family: 'book antiqua', palatino;\"><em><span class=\"a-size-medium gadp-artisan-inspiration a-text-italic\" style=\"font-size: 24px;\">Mi posso definire Figlio D&#8217;arte in quanto cresco Artigiano, grazie a mio Padre.<\/span><\/em><\/span><\/div>\n<div class=\"a-row\"><\/div>\n<div class=\"a-row a-spacing-top-mini\"><span style=\"font-family: 'book antiqua', palatino;\"><em><span class=\"gadp-artisan-information-seller-name\" style=\"font-size: 24px;\">\u2013 Fabio Podda<\/span><\/em><\/span><\/div>\n[\/vc_column_text][\/vc_column][\/vc_row][vc_row][vc_column][vc_separator color=&#8221;custom&#8221; accent_color=&#8221;#dd9933&#8243; css=&#8221;.vc_custom_1584785026259{padding-top: 10px !important;padding-bottom: 10px !important;}&#8221;][\/vc_column][\/vc_row][vc_row css_animation=&#8221;bottom-to-top&#8221;][vc_column][vc_column_text]\n<p style=\"text-align: justify;\">La mia storia \u00e8 la storia della mia famiglia, o meglio di mio padre Mario che, nato a Orgosolo nel 1932, gi\u00e0 all&#8217;et\u00e0 di 13 anni, terminate le scuole primarie, inizia a lavorare &#8216;a bottega&#8217; nel suo stesso paese, \u00c8 qui che la sua professione e la sua passione per il Legno crescono di pari passo fino agli anni 60 quando decide di trasferirsi a Nuoro dove costruir\u00e0 la sua famiglia, di ben 8 figli, e la sua attivit\u00e0 in proprio.<\/p>\n<hr \/>\n<p style=\"text-align: justify;\">Come spesso mi raccontava, si tratt\u00f2 di anni difficili, ma pieni di entusiasmo, ricchi di sfide e voglia di fare; anni intensi e faticosi durante i quali riesce per\u00f2 a ritagliarsi il suo spazio, anni in cui le richieste crescono, la produzione aumenta e in cui si approda agli anni 70, dove mattone su mattone viene su il Laboratorio di sua propriet\u00e0.<\/p>\n<hr \/>\n<p style=\"text-align: justify;\">Laboratorio che a fine anni 80 inizier\u00f2 a frequentare anch&#8217;io con costanza, compatibilmente coi miei impegni scolastici, e nel quale mi formo come artigiano e come uomo al fianco di mio padre, e dove tutt&#8217;oggi insieme a due dei miei fratelli porto avanti quello che \u00e8 stato il suo mestiere.<\/p>\n[\/vc_column_text][\/vc_column][\/vc_row]\n<\/section>","protected":false},"excerpt":{"rendered":"<p>[vc_row css_animation=&#8221;bottom-to-top&#8221;][vc_column width=&#8221;1\/4&#8243;][vc_column_text][\/vc_column_text][\/vc_column][vc_column width=&#8221;3\/4&#8243;][vc_column_text] Mi posso definire Figlio D&#8217;arte in quanto cresco Artigiano, grazie a mio Padre. \u2013 Fabio Podda [\/vc_column_text][\/vc_column][\/vc_row][vc_row][vc_column][vc_separator color=&#8221;custom&#8221; accent_color=&#8221;#dd9933&#8243; css=&#8221;.vc_custom_1584785026259{padding-top: 10px !important;padding-bottom: 10px !important;}&#8221;][\/vc_column][\/vc_row][vc_row css_animation=&#8221;bottom-to-top&#8221;][vc_column][vc_column_text] La mia storia \u00e8 la storia della mia famiglia, o meglio di mio padre Mario che, nato a Orgosolo nel 1932, gi\u00e0 all&#8217;et\u00e0 di 13 anni,&hellip;<\/p>\n","protected":false},"author":1,"featured_media":0,"parent":0,"menu_order":0,"comment_status":"closed","ping_status":"closed","template":"","meta":{"footnotes":""},"class_list":["post-21","page","type-page","status-publish","hentry","entry","no-media"],"jetpack_sharing_enabled":true,"_links":{"self":[{"href":"https:\/\/manualita.sardegna.it\/ita\/wp-json\/wp\/v2\/pages\/21","targetHints":{"allow":["GET"]}}],"collection":[{"href":"https:\/\/manualita.sardegna.it\/ita\/wp-json\/wp\/v2\/pages"}],"about":[{"href":"https:\/\/manualita.sardegna.it\/ita\/wp-json\/wp\/v2\/types\/page"}],"author":[{"embeddable":true,"href":"https:\/\/manualita.sardegna.it\/ita\/wp-json\/wp\/v2\/users\/1"}],"replies":[{"embeddable":true,"href":"https:\/\/manualita.sardegna.it\/ita\/wp-json\/wp\/v2\/comments?post=21"}],"version-history":[{"count":3,"href":"https:\/\/manualita.sardegna.it\/ita\/wp-json\/wp\/v2\/pages\/21\/revisions"}],"predecessor-version":[{"id":221,"href":"https:\/\/manualita.sardegna.it\/ita\/wp-json\/wp\/v2\/pages\/21\/revisions\/221"}],"wp:attachment":[{"href":"https:\/\/manualita.sardegna.it\/ita\/wp-json\/wp\/v2\/media?parent=21"}],"curies":[{"name":"wp","href":"https:\/\/api.w.org\/{rel}","templated":true}]}}